s the units digit of y(-4)?
6
Let d(n) = n**2 + 8*n + 12. Suppose -5*b - l - 34 = 5, 5*l = 2*b + 21. Let z be d(b). Suppose 0*v = 4*v - z. What is the units digit of v?
3
Suppose n = -2*r + 8, n - 4*r - 4 = 4. Let j be n/3*(-3)/(-2). Suppose 4*c = -0*c + j. What is the units digit of c?
1
Let m(t) = 2*t**3 - 12*t**2 + 9*t + 4. What is the tens digit of m(8)?
3
Let p(a) = a**2 + 4*a - 3. Let l be p(-5). Suppose 6*d - 45 = 3*d - 5*g, 3*g - 29 = -l*d. What is the tens digit of d?
1
Let m(p) = -p**3 + 2*p**2 + 2*p. Let s be m(3). Let f be ((-1 - -1)*-1)/s. Suppose n = -f + 9. What is the units digit of n?
9
Let x(o) be the third derivative of 1/24*o**4 + 0*o + 0 - o**2 - 1/2*o**3. What is the units digit of x(5)?
2
Let l = -3 - -3. Suppose -5*a - 15 = l, a + 0*a = 4*u - 75. What is the tens digit of u?
1
Suppose 5*l + 7*j - 340 = 2*j, 0 = -4*l - 5*j + 271. What is the tens digit of l?
6
Let j = 108 - -27. What is the units digit of j?
5
Let d(z) = z**2 - 2*z + 3. Let b be -1 + 0 + (-16)/(-2). What is the units digit of d(b)?
8
Suppose 4*t = -g + 13 - 4, -t + 4*g = -15. Suppose -36 = -4*n - 4*r, 5*n - r = t*r + 45. What is the units digit of n?
9
Let f(z) = -z + 9. Let r be f(7). Suppose x - 14 = -r*j - 0*j, j - 7 = -3*x. What is the units digit of j?
7
Let y = 2 - -1. Suppose 0 = 4*q + f - 1 - 10, 0 = 3*q + y*f - 6. Suppose 0 + q = z. What is the units digit of z?
3
Let y(r) = -3*r + 3. Let f be y(-5). Let m = 29 - f. What is the units digit of m?
1
Let j(p) = 4*p**2 + 4*p - 4. What is the units digit of j(3)?
4
Let j(w) = -w**3 - 7*w**2 + 5*w + 6. Let i be j(-6). Suppose 0 = -2*a - 4*l + 18, -4*a + 0*l - 4*l = -16. What is the units digit of i/(-6) - (0 - a)?
9
What is the units digit of (-15)/(-2)*160/24?
0
Let f = 540 - 134. What is the units digit of f?
6
Suppose 2*w + w - 105 = 0. What is the tens digit of w?
3
Let y be -9 + 7 - (-48 - -1). Suppose -4*j = -j - y. What is the tens digit of j?
1
Suppose -5*a + c + 64 = 0, -40 = -3*a - a - 2*c. What is the units digit of a*(3 + 15/(-6))?
6
Let o(a) = -4*a - 3*a + 2*a + 6*a + 7. Let q be o(9). Let j = -8 + q. What is the units digit of j?
8
Let a(p) be the first derivative of -3*p**2/2 - 10*p - 2. What is the tens digit of a(-8)?
1
Suppose -3*b - 78 + 27 = 0. Let v = b - -23. What is the units digit of v?
6
Suppose -2*l - 2*d = -40, -3*l - 5*d = -8*l + 110. What is the tens digit of l?
2
Let u(x) = -3*x + 1. Let j be u(5). Let q(h) = -h - 4. What is the units digit of q(j)?
0
Suppose 5*h + 5 = -0*h, 4*h - 76 = -4*u. What is the tens digit of u?
2
Suppose 2*o - 12 = 6. Let l be o/(-3) + 3 + -6. Let b = l - -12. What is the units digit of b?
6
Suppose -2*u + 13 = -37. Let h = -13 + u. What is the tens digit of h?
1
What is the tens digit of ((-144)/(-56))/((-1)/(-84))?
1
Let o(w) = 7*w - 8. Let g be o(6). Suppose 4*s - 2*s = g. What is the units digit of s?
7
Suppose -d = 4*k - 9 - 5, -5 = 2*d - 3*k. Suppose 10*i + 10 = -10. What is the units digit of d + (0 - -2) + i?
2
Let q(r) = r**3 - r**2 + 34. Let t be q(0). Suppose 3*w - t - 23 = 0. What is the tens digit of w?
1
Let o(x) be the second derivative of x**5/20 + 5*x**4/12 - 4*x**3/3 - 9*x**2/2 + 6*x. Let s = 0 + -6. What is the units digit of o(s)?
3
Let c = -4 - -6. Suppose -c*o - 12 = -w + 5*w, 2*w + 14 = o. What is the units digit of o?
4
Suppose 0 = -b - 3, 4 = r + 5*b + 5. Let p(c) = c + 3. Let l be p(3). Let i = r - l. What is the units digit of i?
8
Let t(q) = q**3 - 2*q**2 + 2. Let j be (-1)/(-2) - (-39)/6. Let o = -4 + j. What is the units digit of t(o)?
1
Let k(o) = -61*o - 40. What is the tens digit of k(-8)?
4
Let o = 21 - 17. Let f(j) = j**2 + 2*j - 2. What is the tens digit of f(o)?
2
Let i(m) = -m**3 + 14*m**2 - 15*m + 15. Let u be i(13). Let q = u - -28. What is the tens digit of q?
1
Let c(p) = -2*p**2 - 13*p + 10. Let j be c(-7). Suppose -2*w - 3*w + 160 = 3*k, j*w - k = 96. What is the tens digit of w?
3
Let l(z) = -z**3 - z**2 + 22. Let g be l(0). Suppose -2*f - 6 = f. What is the units digit of (g/(-6))/(f/6)?
1
Suppose -131 = -4*q + h - 2*h, 5*h = 15. What is the tens digit of q?
3
Let i be 0/(1*(1 + -3)). Let h be 2 - (-30)/((-4)/(-2)). Let f = h - i. What is the units digit of f?
7
Let p = -145 - -224. What is the tens digit of p?
7
Let t be 28/8 - 2/4. Suppose -2*b + 2*p = 4, t*b - 5*p + 6 = -b. Let k = 12 + b. What is the units digit of k?
8
Suppose 0 = -4*g - 16, -4 = -n - 2*g + 5. What is the tens digit of n?
1
Let t be 28/21 + (-2)/(-3). Let a be t/((-2)/(0 - 2)). What is the tens digit of (a - 11/(-2))*2?
1
Let m be 2/(-8) - (-42)/8. Suppose -20 = -m*g - 2*o + 3, -3*o + 12 = 0. What is the units digit of g?
3
Let c(w) = 2*w**2 - 5*w. Let z be c(4). Suppose 2*l + z = 6*l. Suppose -5*r = -l*f - 7 - 1, 3*r - 4 = 2*f. What is the units digit of f?
4
Let o(a) = -a**3 + 3*a**2 - a + 1. Let y = -5 - -7. Let v be o(y). What is the units digit of (0 - (-4)/(-2)) + v?
1
Let c = 15 + -15. Suppose c = -0*g + 5*g - 40. What is the units digit of g?
8
Let w be (0 - -1)*(-3 - -2). Let s(n) = -21*n**3 - 2*n - 1. Let l be s(w). What is the units digit of 40/l + (-6)/(-33)?
2
Let o(r) = -4*r - 6. Let p be o(-5). Let c = p + -12. What is the units digit of c?
2
Suppose 0 = 5*d + 7 + 8. Let m = 7 + d. Suppose -10 = -6*p + m*p. What is the units digit of p?
5
Let k(d) = -d - 2. Let v be k(-2). Suppose v*y = -y + 9. What is the units digit of y?
9
Let u(a) = 3*a + 1. Let r be u(-6). Let b = 40 + r. What is the units digit of b?
3
Suppose -5*v + 8 = -12. Suppose 5*x - 9 = -v. What is the tens digit of (-118)/(-8) + x/4?
1
What is the units digit of ((-87)/(-6))/(1/6)?
7
Let n be -33*(1 - 1/3). Let g = n - -42. What is the units digit of g?
0
Let s = 9 - 25. Let l be s/(-24) + 56/6. Suppose l = 2*j - 2*n, j - 9 = -n + 2. What is the units digit of j?
8
Let v be (3 + -1)/((-2)/(-4)). Suppose j + 2 = 4*d + d, 0 = 5*j + v*d - 19. What is the units digit of j?
3
What is the units digit of (2/(-6))/((-2)/246)?
1
Let t be -2 + (0 + 7 - 1). Suppose 3*v - 4*l = 5*v - 30, t*v + l - 81 = 0. What is the units digit of 1/(45/v + -2)?
7
Let j(t) = -t**3 + 3*t**2 + t - 4. Let v be j(3). Let x be -3 - (3 - 13) - 1. Let a = x - v. What is the units digit of a?
7
Suppose -2*g = -4*y - 16, -3*g + 3 = -2*g + 3*y. Let j(c) = c**3 + 6*c**2 + 6*c + 5. Let s be j(-5). Let x = g - s. What is the units digit of x?
6
What is the units digit of 158/7 + (18/14)/3?
3
Suppose 249 = 5*s + 34. What is the units digit of s?
3
Let s(v) = -v**3 + 12*v**2 - 5*v + 1. What is the units digit of s(9)?
9
Suppose 3*d + j = 17, 10 + 10 = 4*d + 4*j. What is the units digit of d?
6
Suppose 0 = 4*q + 4*a - 92, 4*a = -2*q - 0*q + 48. Let v = q + -19. What is the units digit of v?
3
What is the units digit of 34 + 8/(-4) + 1?
3
Let n(l) = 2*l**2 - 4*l - 1. Let q be n(3). Suppose -q*z - i + 11 = 0, 2*z - 5*i + 7 = 3*z. Suppose -2 + 20 = z*k. What is the units digit of k?
9
Suppose 4*c = 5*c + 2. Let u be 3/(-2)*(-2 + c). Let y = 8 - u. What is the units digit of y?
2
Let u = -1 + 4. Let h be u/(-15) - (-26)/5. Suppose -50 = -5*q + 4*k, h*q - 4*k = -k + 45. What is the units digit of q?
6
Suppose d + w - 20 = 0, -w = -4*d + 2*w + 108. Suppose 4*h - 2*h - d = -4*q, 0 = -2*h + 3*q - 11. What is the units digit of 9 + (-3 - (1 - h))?
7
Suppose 4*p = 2*t + 3*t + 20, 3*p - 4 = t. Let y(s) = -s - 9 + p*s + 3*s. What is the units digit of y(8)?
7
What is the units digit of 2 + (-4 + 8 - 1)?
5
Let g be (-238)/(-21)*3/1. Suppose 5*w + 19 = 3*t - g, 5*w + 75 = 5*t. What is the tens digit of t?
1
What is the units digit of (-1 - -21)/(10/40) - -2?
2
Let n = -13 - -21. Suppose 40 = 5*p + 5*a, 2*a = p + 1 + 6. Suppose n*t = p*t + 80. What is the tens digit of t?
1
Suppose l - 4 = -l. Suppose 3*c + l*d - 60 = 0, 2*c - 2*d = d + 40. What is the units digit of c?
0
Let n be (4/10)/(8/(-80)). Let d = n - -24. What is the units digit of d?
0
Let w(h) = 2*h**2 + 4*h. Let q be w(-3). Let c = 9 - q. What is the units digit of c?
3
What is the hundreds digit of (-234)/(-3)*9/6?
1
Let i be ((-1)/(-2))/((-1)/(-2)). Let d = 3 + i. Suppose -d*q = 0, 5*k - 34 = -4*q + 31. What is the units digit of k?
3
Let l = 27 + -7. What is the units digit of l?
0
Suppose 3*r - 112 = 3*f - 10, -2*r - 3*f = -88. What is t